divided by 21?
20
Let h(y) = y**3 + 5*y**2 + 7*y + 11. Calculate the remainder when 111 is divided by h(-3).
7
Let n(x) = 5*x**3 - 8*x**2 - 9*x + 8. Calculate the remainder when 58 is divided by n(3).
14
Let b = 150 - 83. Calculate the remainder when b is divided by 18.
13
Let m(b) = b**3 + 15*b**2 + 20*b - 65. Calculate the remainder when 246 is divided by m(-13).
12
Suppose -14*f + 9*f = -40. Suppose s + f = -3*s. What is the remainder when 60*s*(-3)/8 is divided by 12?
9
Calculate the remainder when 74 is divided by 26 - (12/(-9))/((-4)/6).
2
Let b(q) = q**3 + 6*q**2 - 4*q - 12. Let l(c) = c**2 + 8*c - 1. Calculate the remainder when b(-6) is divided by l(-9).
4
Let n(w) = -w**3 - 5*w**2 - 3*w - 1. Let u be n(-6). Let t = u - 22. Suppose 39*z - 38*z - 92 = 0. Calculate the remainder when z is divided by t.
30
Let d(j) be the first derivative of j**4/4 - 8*j**3/3 - 9*j**2/2 + 11*j - 5. Calculate the remainder when 65 is divided by d(9).
10
Let w = -48 + 71. Let f(y) = -6*y**3 + 6*y + 2. Let o(u) = u**3 - u**2 - u - 1. Let k(q) = -f(q) - 5*o(q). What is the remainder when w is divided by k(-5)?
7
Suppose -5*a + 121 - 6 = 0. Calculate the remainder when 665 is divided by a.
21
Let b be 4*-1 - (1 + 1)*-37. Suppose 2*i + 4 = -2*i, -2*s - 2*i = -b. Calculate the remainder when 140 is divided by s.
32
Suppose -242 = -9*j - 26. Let y = -17 + 26. What is the remainder when j is divided by y?
6
Suppose 88*y = 94*y - 228. Calculate the remainder when y is divided by 13.
12
Let w(c) = -c**2 + 21*c - 6. Let z be w(9). Suppose o = -31 + z. What is the remainder when o is divided by 18?
17
Suppose 4*l + 15 = 103. Let x = -16 + l. Suppose 0 = -5*y + x*y - 3. What is the remainder when y is divided by 2?
1
Let k be ((-2)/(-6))/((-1)/(-3)). Let q = k + -4. What is the remainder when 0 - (-2 - q)*-86 is divided by 29?
28
Let b(x) = 16*x + 5. Suppose 0*n = -3*m - 2*n + 3, n + 6 = m. Suppose 36 = m*v - v. What is the remainder when b(3) is divided by v?
17
Let n = -50 + 54. Let o = 20 - n. Calculate the remainder when 44 is divided by o.
12
Suppose 42*v + y - 45 = 39*v, 2*y = -4*v + 60. Calculate the remainder when 114 is divided by v.
9
Suppose -1518 = -4*a + 5*q, -6*q - 1887 = -5*a - 5*q. Calculate the remainder when a is divided by 128.
121
Suppose -31 = -5*y - 3*v + 12, -12 = 3*v. Calculate the remainder when 549 is divided by y.
10
Let r be (-2 + 5)/((-4)/44). Let c = r - -44. Suppose c*k + 26 = 13*k. Calculate the remainder when 24 is divided by k.
11
Let d = -65 - -69. Suppose 5*f = 1 - 16, d*k = -2*f + 218. What is the remainder when k is divided by 12?
8
Let a = -376 - -380. What is the remainder when 260 is divided by a?
0
Calculate the remainder when 381 is divided by (-1127)/(-69) - 1/3.
13
Let r(l) = -7*l**3 + 33*l**2 + 6*l - 11. Let m(p) = -3*p**3 + 17*p**2 + 3*p - 5. Let c(j) = 5*m(j) - 2*r(j). What is the remainder when c(19) is divided by 19?
16
Let j = 246 - 156. Calculate the remainder when j is divided by 1647/54 - 2/4*-1.
28
Suppose -83 = -3*x + 1. Let u = -4 + x. Suppose 4*y = -4*v + 48, 11*v - 6*v - 54 = -3*y. What is the remainder when u is divided by v?
6
Let g be -1 - (-6 + 0)*(-1)/(-2). Suppose 3*q - 3*z - 32 - 13 = 0, -g*q + 30 = 2*z. Calculate the remainder when q is divided by 10.
5
Suppose -340 = -3*u - n, 0*n + 5*n - 205 = -2*u. What is the remainder when u is divided by 71?
44
Suppose -3*q + 2*c = 4*c - 13, 5*c = 5*q - 55. Calculate the remainder when 19 is divided by q.
5
Suppose c + 23 = 4*m - 21, -c = -4. Suppose 6*h + 5*l - 67 = 4*h, 4*l + 176 = 4*h. What is the remainder when h is divided by m?
5
Let y be 13 + (-2)/(4/(-2)). Suppose c - 17 = y. Calculate the remainder when c is divided by 4.
3
Let w(s) = -s**2 - 8*s + 5. Suppose -446*h = -478*h + 352. What is the remainder when w(-4) is divided by h?
10
Let v be 1/(-12)*-2*12. Suppose -v*s + 19 = 2*i - i, -4*i = -4*s - 28. Suppose 3*g + 7 - 1 = 0, 5*b + 4*g = 252. Calculate the remainder when b is divided by i.
8
What is the remainder when (-4)/(7 + (-2220)/316) is divided by 10?
8
Calculate the remainder when 131 is divided by (66/(-27))/((-50)/225).
10
Let d be (-8)/(-3) + (-4)/6. Suppose -5*g - 3*o = -241, o = d*g - 4*o - 84. Let b(j) = -2*j + 8. What is the remainder when g is divided by b(-2)?
11
Calculate the remainder when 1037 is divided by 6*(47/3 + 6).
127
Let g(x) = -21*x**3 + x**2 - 5*x - 6. Calculate the remainder when 108 is divided by g(-1).
3
Let n = 2341 + -2296. Calculate the remainder when 189 is divided by n.
9
Suppose -252 = -12*s + 9*s. Calculate the remainder when s is divided by 49.
35
Suppose -4*s + 42 = -s. Suppose i - 2*i + 3*m = -11, 0 = -i - 2*m + 1. Suppose -i*o = 3*o - 64. Calculate the remainder when s is divided by o.
6
Suppose -5*z + 44 = d, 0 = 3*z + z + 12. What is the remainder when 353 is divided by d?
58
What is the remainder when 2196/36 - (-3 - 4/(-2)) is divided by 16?
14
Let w = -8 - -12. What is the remainder when 19 is divided by (-10)/(-1) - w - 4?
1
Let p = 50 + -3. Calculate the remainder when 231 is divided by p.
43
What is the remainder when 606 is divided by (-2)/23 + (-651)/322*-4?
6
Suppose 35*u - 104 = 9*u. What is the remainder when 195 is divided by u?
3
Suppose -11*o = -2223 + 441. Calculate the remainder when o is divided by 55.
52
Suppose -312*b = -318*b + 192. Let g = 38 - 71. Calculate the remainder when b is divided by 1/(30/g - -1).
10
Let l(v) = v - 3. Let b be l(7). Suppose -b*h = 5*u - 34, 2*h + 3*h - 29 = -4*u. Let p(x) = -x + 13. What is the remainder when 24 is divided by p(u)?
3
Let q be (-4)/(-18) - (-64)/36. Suppose 6*n - 132 = q*n. What is the remainder when n is divided by (-19 - -18)*(-11 - -2)?
6
Let a(y) = -4*y + 1. Let p be a(1). Let b be (-213)/p + -1*1. Suppose -b = o - 6*o. What is the remainder when o is divided by 9?
5
Suppose 0 = w - 0*w - 6. Suppose a + 10 = 6*a. Suppose 4*m = -u - 9, 0 = -a*u + m + 2 + 25. What is the remainder when u is divided by w?
5
Let i = 259 + -228. What is the remainder when 90 is divided by i?
28
Let a(n) = 825*n + 1. What is the remainder when a(1) is divided by 18?
16
Let c be (-193)/(-3) + (-2)/(-3). Let w(p) = -p**2 + 9*p - 4. Let d be w(8). Suppose -c = -d*t - t. What is the remainder when t is divided by 8?
5
Suppose -12*m = -173 + 5. Suppose 3*o - 50 = -m. Calculate the remainder when 35 is divided by o.
11
Let n = 363 - 335. What is the remainder when 80 is divided by n?
24
Suppose 81 = 5*n - 0*i - 2*i, -2*n + 3*i + 28 = 0. Let a(o) = 19*o - 72. What is the remainder when a(8) is divided by n?
12
Suppose 26 = 25*g - 12*g. What is the remainder when 9 is divided by g?
1
Let k(q) = -q**2 + 9*q + 4. Suppose 2*x + 2*l = 5*x - 20, -36 = -5*x + 2*l. Calculate the remainder when k(7) is divided by x.
2
Calculate the remainder when (-201)/9*-3 - 6 is divided by (2/(-2))/((-6)/78).
9
Suppose -8*f + 364 = -4*f. Suppose 5*v - f = 89. What is the remainder when 70 is divided by v?
34
Let a be (-7)/42 + 349/6. Suppose 298 = 8*r + a. What is the remainder when 149 is divided by r?
29
Suppose 169 = 2*s + 43. What is the remainder when s is divided by 30?
3
Suppose -5*f + 51 = 4*n, 3*n = -f - 0*n + 19. Suppose -5*p = 2*u - 36, -4*u + f*p - 4*p = -72. What is the remainder when 33 is divided by u?
15
Let u(j) = 10*j + 9. What is the remainder when u(5) is divided by 33?
26
Suppose 0*m = -4*y - 3*m + 315, 2*m - 314 = -4*y. Let p(b) = -29*b - 733. What is the remainder when y is divided by p(-26)?
15
Suppose -223 = 51*m - 52*m + 2*o, 3*m - 2*o - 681 = 0. What is the remainder when m is divided by 44?
9
Let y = 470 - 332. Suppose -y = -5*c - 18. Calculate the remainder when 93 is divided by c.
21
Let l be 3/(-12) - (87/(-12) + 2). Let d(g) = 0*g - 6 + 6*g - 3*g. What is the remainder when 24 is divided by d(l)?
6
Let h(m) = 27*m - 1. Suppose t - 6 = 12. What is the remainder when h(2) is divided by t?
17
Let t(v) = v + 23. Let c(k) = k**2 + 20*k + 23. Let q be c(-18). What is the remainder when 17 is divided by t(q)?
7
Suppose 18 - 118 = -4*i. Let k be ((-861)/63)/((-1)/3). Let l = k + -28. Calculate the remainder when i is divided by l.
12
Suppose 20*r = -8*r + 1176. What is the remainder when 196 is divided by r?
28
Let d(i) = -i**2 - 8*i - 5. Let t = 71 - 48. Suppose 